e (1 - 6) + (-2 - -2). Calculate w(n).
5
Suppose -67 + 65 = k. Let o = 0 + -7. Let f(g) = -5*g - 6. Let l(t) = 6*t + 7. Let i(c) = o*f(c) - 6*l(c). What is i(k)?
2
Let i(s) = -s + 5. Let t be i(2). Let b(n) = -16*n**3 + 20*n**2 - 9*n + 9. Let v(c) = -3*c**3 + 4*c**2 - 2*c + 2. Let y(m) = 2*b(m) - 11*v(m). Give y(t).
-1
Suppose 0 = u + 3*d - 3, 4*d + d = -3*u + 9. Let i(y) be the first derivative of -y**2/2 - y + 1. What is i(u)?
-4
Let x(o) = -1. Let a(s) = -s**2 - 2*s - 4. Let g(t) = -a(t) + 4*x(t). Determine g(-2).
0
Let p(b) = b**3 - 5*b**2 + 2*b. Let n be (-106)/(-22) + 2/11. Give p(n).
10
Let y(a) = 3*a**3 + a**2. Let i be y(-1). Let g = 0 - -2. Let m(b) = 3*b + 0*b**2 - b**3 - 2 + 3 - b**g. What is m(i)?
-1
Let w(j) be the second derivative of -j - 1/2*j**2 + 0 - 1/24*j**4 + 0*j**3. Let n(z) be the first derivative of w(z). Calculate n(0).
0
Let s(h) be the third derivative of -h**6/30 + h**5/30 + h**4/24 - h**2. Let a = 17 + -14. Suppose -19 = -c - 5*u, 5*c + a*u - 9 = -2. Determine s(c).
5
Let w be -11 + 0/(-2*4/(-8)). Let m(i) = -i - 11. Give m(w).
0
Let i(h) = -16*h - 51. Let v(m) = -3*m - 10. Let g(l) = -2*i(l) + 11*v(l). Give g(-13).
5
Let d(q) = q**3 + 2*q**2 - 3*q - 2. Let l be d(-3). Let k(h) = -h + 3. Let g(r) = -1. Let t(j) = 5*g(j) + k(j). Give t(l).
0
Suppose 20 = 5*o, 2*o = d - 2*d + 12. Let c(f) = -f**3 + 3*f**2 + 3*f - 2. Give c(d).
-6
Let i(t) = t**3 - 11*t**2 + 21*t**2 + 1 - 9*t**2 + t. Determine i(-2).
-5
Let b(l) = -4 - 4*l**2 - 4*l + 11*l**2 - 8*l**2 + 0*l**2. Let f = -8 + 4. What is b(f)?
-4
Let h(v) = -v**2 - 2*v - 1. Let a = -4 - -2. Let q be h(a). Let s(j) = j**2 + 1 + 4*j - 3*j - 4*j + 5*j. What is s(q)?
0
Let j be 1*2 - 4/2. Let d(t) = t - 3. Let q(i) = -i + 2. Let o(m) = -3*d(m) - 4*q(m). Determine o(j).
1
Let n(o) = o**2 - 4*o - 1. Let b be n(5). Let u(k) = -3 - 1 + b*k + 6. Let q(s) = 2*s + 6. Let p be q(-4). Determine u(p).
-6
Let y(i) be the first derivative of 1/3*i**3 - 8 + i**2 + 2*i. What is y(-2)?
2
Let n(l) = 2*l**2 + 4*l - 2. Let a(i) = -1. Let v(s) = -2*a(s) + n(s). Calculate v(-3).
6
Let j = 4 - 2. Let p be -1*((j - 1) + 2). Let n = -5 - p. Let m(s) = -2*s + 2. Calculate m(n).
6
Let k(t) = t**3 + 3*t**2 + t - 1. Suppose -36 = 2*u - 30. Give k(u).
-4
Let g(y) = -3*y**2 - y - 1. Suppose -3*b + 21 = -0*b. Suppose 7 = -3*t - 2*j - b, 20 = -5*j. What is g(t)?
-11
Let r(j) = -j**2 + 4*j. Let f be (-4)/(-16) - 1/4. Suppose f = -0*o - 2*o + 20. Suppose 2*p = 3*a + 2, 4*p - a - 2*a - o = 0. Calculate r(p).
0
Let s(a) = -10*a + 9. Let x(h) = 20*h - 16. Let m(l) = 7*s(l) + 4*x(l). Give m(2).
19
Let m be 1 - ((-12)/4 - -2). Suppose m*v + v - 3 = 0. Let c(h) = -4*h - 1. Calculate c(v).
-5
Let l(z) = -z**2 - 6*z + 5. Suppose -2*f = -7*f - 25. Give l(f).
10
Let z(h) = -6*h**2 + 5*h**2 + 4*h + 2 - 7*h. What is z(2)?
-8
Let k(d) = -6*d**2 + d**2 - 2*d + 6*d**2 + 3. Let w(z) = -z**2 + 4*z + 7. Let i be w(5). Calculate k(i).
3
Let w(v) = 3*v - 2. Let g be (-8)/6*18/(-4). Determine w(g).
16
Let q be 7 + 2/(-2) - 1. Let u be (1*-1)/(-1 + 21/14). Let f = q + u. Let t(b) = -2*b**2 + 4*b + 1. Give t(f).
-5
Suppose z - 17 = 3*r, 5*z - r - 3*r - 41 = 0. Let l(g) = 2*g**2 - g**2 - 104 + 2*g + 107 - 6*g. Calculate l(z).
8
Let w(z) be the first derivative of z - 3 + 1/2*z**2. Calculate w(4).
5
Let h(n) be the third derivative of n**6/120 - 7*n**5/60 + 5*n**4/24 - n**3 + 13*n**2. Give h(6).
-12
Let r(w) = 3*w - 702 - w**2 - 3*w**2 + 700 + w**3. What is r(2)?
-4
Suppose 3*g - j - 5 = 0, 3*g + 3*j - 12 - 9 = 0. Let r(i) = -i**3 + i**2 + 2*i - 3. Calculate r(g).
-15
Suppose -5*t + 32 = -j - t, -63 = 4*j - 3*t. Let w be (10/15)/(2/j). Let u(a) = -2*a**2 - 7*a - 4. Calculate u(w).
-8
Let d(m) = m**3 - 9*m**2 - 6*m + 6. Let a(i) = -2*i**3 + 17*i**2 + 11*i - 11. Let u(n) = 6*a(n) + 11*d(n). Let x = -4 - -7. What is u(x)?
0
Let p(c) = 48*c**2 + 33*c - 33. Let u(w) = 3*w**2 + 2*w - 2. Let o(m) = -m**2 + 3. Let x be o(-3). Let b(y) = x*p(y) + 99*u(y). Determine b(1).
9
Let g(n) = 6 - 5*n**3 - 10 - 3*n**2 - 3*n + 6*n**3. Determine g(4).
0
Suppose -26 = k - 21. Let o(c) = -c**3 - 4*c**2 + 2*c - 5. What is o(k)?
10
Let n(w) be the third derivative of -w**5/60 - w**4/24 + w**3/6 - 2*w**2. What is n(1)?
-1
Let u(d) = -2*d - 3*d + 5*d - 5 - d. Give u(0).
-5
Let o(h) = 3*h**2 + 3*h**2 - h - 2 - 5*h**2. Give o(-2).
4
Let z be (1/(-2))/(-1)*0. Let a(o) be the third derivative of -o**6/120 + o**5/60 - o**4/24 + 7*o**3/6 + o**2. Calculate a(z).
7
Let b be (-8)/(-6)*(-3)/(-2). Suppose 0*u + 2*o = u - 1, -4*o = -4*u + 12. Let c(g) = -2 + 2 - u*g**b. Determine c(1).
-5
Suppose -50 + 2 = -8*o. Let q be o/(-2)*8/(-12). Let w(v) = 3*v - 1. Calculate w(q).
5
Suppose 0 = -7*h + 5*h - n - 10, -n + 5 = -3*h. Let q(m) = -m**2 - 2*m. Give q(h).
-3
Let s(l) = -l**3 - 4*l**2 - 2*l + 1. Let n(j) = j**3 + 11*j**2 + j + 9. Let y be n(-11). Let i(v) = v**3 + v**2 + 1. Let c be i(y). Give s(c).
-2
Let c(w) = 4*w**2 + 6*w + 8. Let g(u) = u**2 - 2*u. Let z(j) = c(j) - 3*g(j). Give z(-11).
-3
Suppose 3*z - 4*l - 26 = 0, -l + 6*l + 25 = 0. Let n be (6/(-4))/(1/(-2)). Let q(m) = 8 + z*m**n - 4 - m**3 + m - 3. Calculate q(0).
1
Let g(i) = -2*i + 6. Let x = 13 + -6. Calculate g(x).
-8
Let k(w) = -155*w - 7 + 311*w - 157*w. Give k(-10).
3
Suppose 0 = 4*s - 27 + 3. Let u(b) = -b**2 + 2*b + 8. Give u(s).
-16
Let z(t) = t**2 + 5*t + 1. Let l(u) = u**2 + 5*u + 1. Let r(d) = d**2 + 9*d + 6. Let v be r(-9). Let x(n) = v*l(n) - 5*z(n). Give x(-2).
-5
Let z(i) = 9*i**3 + 5*i**2 - 3*i - 4. Let s(o) = -18*o**3 - 9*o**2 + 5*o + 7. Let u(v) = 4*s(v) + 7*z(v). Give u(-1).
9
Let y(v) be the third derivative of v**7/840 + v**6/180 - v**5/120 + v**3/2 + 3*v**2. Let k(x) be the first derivative of y(x). Determine k(-3).
-6
Let r(g) = 6 + 3*g + 0 - 2. Let q be 1/1 - 4*3. Let x = q + 8. Give r(x).
-5
Let m(l) be the first derivative of l**6/360 - l**5/40 - 7*l**4/24 + l**3/3 - 8. Let b(i) be the third derivative of m(i). Calculate b(5).
3
Let x be (16/12)/(1/3). Let c(w) = 2 - w**3 + 2*w**3 - 8*w**2 - x*w + 5*w**2. What is c(4)?
2
Let y = -4 + 3. Suppose -4*f - 29 = -3*l - 3*f, -5*l - 4*f + 54 = 0. Let u(p) = 2*p - l*p + p. Determine u(y).
7
Let c(h) = h**2 + 4*h + 3. Suppose 16 = -2*t + 2*u, -4*t - 16 - 21 = -5*u. Give c(t).
0
Suppose -r = 2 - 10. Suppose -4*l - 3 = -4*s + 5, r = 2*l. Let c(u) = -u**2 + 6*u + 1. Calculate c(s).
1
Let f(j) = j**2 - 6*j. Let d be f(5). Let g(m) = m**2 - m**3 - 4*m + 0*m**3 - 7*m**2 + 7. Calculate g(d).
2
Let u(y) = -2*y**2 - 2*y - 1. Let k be (-2)/(-6) + (-8)/6. Give u(k).
-1
Suppose 2*q - 39 = -3*n - q, 0 = 5*n + 2*q - 71. Let i be (-6)/n - (-8)/(-5). Let m(a) = -1 + a**2 - 3*a - 6*a**2 + 2*a**2. Determine m(i).
-7
Let g(i) = 2*i + 1 - 4*i**2 + 0 - i - i**2. What is g(-1)?
-5
Suppose -3*l + 0*l = 0. Suppose l = -4*u - 4*g + 12, -4*g - g + 15 = -3*u. Let h be (u - 0/(-3))/1. Let z(f) = f**3 + f**2 + f + 6. Determine z(h).
6
Let m(q) be the third derivative of q**4/12 + q**2. Let j be 4/6*(-3)/2. Determine m(j).
-2
Let k(h) = -2*h + 1. Suppose 0 = -3*c + 92 - 86. What is k(c)?
-3
Let z(c) = -3*c**2 - 2*c + 3. Let k(s) = 2*s**2 + s - 2. Let r(u) = -5*k(u) - 4*z(u). Calculate r(3).
25
Let b(x) = x. Let y be b(5). Let z(h) = -3*h**2 + h - 1. Let u(d) = -8*d**2 + 2*d - 4. Let l(r) = -4*u(r) + 11*z(r). Calculate l(y).
-5
Let j(k) = -6*k**2 - 3*k - 2*k + 0*k**3 - k**3 + 7. Let r(m) = 3*m + 16. Let u = -24 - -17. Let c be r(u). What is j(c)?
7
Let g(w) be the first derivative of -w**6/45 + w**5/60 - w**4/24 + 4*w**3/3 + 1. Let h(u) be the third derivative of g(u). Determine h(1).
-7
Let l(g) = g - 3. Let p = 9 + -5. Let j be l(p). Let c(i) = i**2 + i - 1. Let z(h) = 7*h**2 + 6*h - 5. Let d(w) = -6*c(w) + z(w). Calculate d(j).
2
Let i = -4 - -1. Let d(w) be the first derivative of -w**4/4 - 2*w**3/3 + w**2 - w + 49. Calculate d(i).
2
Let y(u) = -1. Let w be (-4)/(-10) + 14/(-10). Let a(z) = -z + 3. Let r(v) = w*a(v) - 4*y(v). Suppose -2*t = -k + t + 12, 5*k - 4*t - 16 = 0. Calculate r(k).
1
Let a(z) = z**3 - 1. Let r = 3 - 2. Calculate a(r).
0
Let f(o) = -3*o + o - 1 + 4*o - 3*o. Give f(5).
-6
Let g = 69 - 43. Let u(d) = d + 7. Let x be u(-6). Suppose -5*r = -g + x. Let j(c) = c**3 - 6*c**2 + 5*c - 7. Determine j(r).
-7
Let s(l) = l + 4 + 0 + 22*l**2 - 23*l**2. Gi